 -13*k(u) - 6*n(u). Give q(3).
4
Let s be (0 - 3/(-4))*4. Let p(o) = 87*o**3 - 1 + 2*o**2 - 2 + 92*o**3 - 180*o**3. Give p(s).
-12
Suppose -3 + 13 = r - 3*d, -20 = 3*r + d. Let l(f) = -f - 12. What is l(r)?
-7
Let u(j) be the third derivative of -j**5/120 + 11*j**4/24 + j**3/6 - 5*j**2. Let z(o) be the first derivative of u(o). What is z(5)?
6
Let i = 2 + -2. Let z(r) be the third derivative of 0 + 0*r**5 + r**2 + 0*r - 1/24*r**4 + 1/3*r**3 - 1/120*r**6. Calculate z(i).
2
Let z(i) = -8*i + 4. Let q(v) = -8*v + 3. Let a(y) = -3*q(y) + 2*z(y). Suppose -7*k = -3 - 4. What is a(k)?
7
Let m(k) = -k**2 - 4*k + 4. Let z be (-2)/6 + 110/33. Suppose 19 = 4*l + z, -4*l = -3*g - 31. Calculate m(g).
-1
Suppose -24 = -8*b + 8. Let c(z) = -z - 3. Let t be c(-6). Let j(d) = -d**2 + d + t*d - d - 3. Give j(b).
-7
Let r = -1 - -7. Let f(h) = 7*h**2 + h + 4. Let k(b) = 20*b**2 + 2*b + 11. Let l(w) = -17*f(w) + 6*k(w). Give l(r).
4
Let h be ((0/3)/(-3))/2. Suppose -5*a = -5 - h. Let g(z) = 2*z**3 + 1 - 2*z**2 + 5*z**3 + 0*z**2. What is g(a)?
6
Let u = 5 - 1. Let c(z) = 0*z + 6*z - 3 - 5*z. What is c(u)?
1
Suppose 0 = -0*g + 4*g - 3*c + 3, 0 = -c + 5. Let o(b) = -b**2 + 2*b - b + g + 0*b**2. Suppose 5*z = 5*n + 20, 3*n = -4*z + 2*n - 4. What is o(z)?
3
Let j(d) = -5*d**2 + 5. Let h(x) = x**2 - x. Let a(i) = 6*h(i) + j(i). Let r be a(6). Let s(b) = -6 + 2*b - 2*b + b. Give s(r).
-1
Let q = 9 + -7. Let i be 2 + 1 - (-1 + q). Let p(x) = 2 - 3*x**i - 3*x + 0*x + 2*x**2 + 8*x. What is p(6)?
-4
Suppose 4*g + 2*h + 2*h - 4 = 0, 2*h = 10. Let r(o) = -o**3 - 5*o**2 - 6*o - 1. What is r(g)?
7
Let n(k) be the third derivative of -k**4/24 + k**3/6 + k**2. Let x be n(-4). Let d(u) = -u**3 + 4*u**2 + 6*u - 7. Give d(x).
-2
Let g be 2/(4 + (-36)/8). Let t(z) = 5*z**2 + z - 3. Let u(m) = -6*m**2 + 4. Let a(v) = 5*t(v) + 4*u(v). What is a(g)?
-3
Let w(i) be the second derivative of -i**3/6 - 3*i**2/2 + 40*i. Give w(3).
-6
Let d(w) = -w**2 - 3*w + 5. Let y be -2 - -4*1*1. Suppose 5*z + 4*m + 32 = 0, z = y*z + m + 7. Calculate d(z).
1
Let q(b) = b**2 + 5*b + 3. Let o be (2/(-4))/((-2)/(-24)). Let m = -12 - o. Let r be (-16)/6*(-9)/m. Calculate q(r).
-1
Suppose -q = 5*u - 1 - 6, q - 2*u = 0. Let z(c) = -c**2 + 4*c - c**q + 0*c**2. Determine z(3).
-6
Let j(f) = f**3 + f**2 + f + 1. Let o(a) = 3*a**3 + 8*a**2 + 10*a - 2. Let g(d) = -4*j(d) + o(d). Give g(5).
-1
Suppose -3*q - 5*m - 33 = -3, 0 = -2*q + 3*m - 20. Let x(u) = u + 5. Calculate x(q).
-5
Let q(z) = -z**3 + 12*z**2 + 13*z + 10. Let l be q(13). Suppose -9*d + 3 = -l*d. Let x(b) be the third derivative of -b**4/8 - 2*b**3/3 - b**2. Determine x(d).
5
Let m = 107 + -109. Let o(i) = -i + 2. Give o(m).
4
Let r(h) = -2*h**2 + 6*h + 6. Suppose -o = o - 10. What is r(o)?
-14
Let f be 6/(-27) - (-2)/9. Suppose f*u + 6 = 2*u. Let v(y) = y + u*y - 7*y. What is v(2)?
-6
Let w(i) = 3*i + 1. Let x = 5 - 4. Let o be x*(-6 + -1 - -1). Let q = o - -4. Give w(q).
-5
Let v(z) be the first derivative of -9*z**4/4 + z**3/3 + z**2/2 - 1. Let d = 7 - 5. Let h(f) = -f**2 + f + 1. Let m be h(d). Determine v(m).
9
Let r(g) be the first derivative of -g**4/4 + g**2/2 - g + 1. Suppose 12 = i - 2*o, -i - 2*o + 1 - 9 = 0. Calculate r(i).
-7
Let h(f) be the second derivative of -f**6/60 + f**5/60 - 3*f**2 + f. Let d(t) be the first derivative of h(t). Give d(1).
-1
Let b(g) = -7*g + 1. Let r(q) = 36*q - 4. Let d(t) = 11*b(t) + 2*r(t). Let x = -2 - -2. Suppose 4*c - 4*f = x, -c - 4*f + 3 = -7. Determine d(c).
-7
Let t be -3 - (3 - 6 - 0). Let y(x) be the third derivative of 0 - 2*x**2 - 1/24*x**4 + t*x**3 + 0*x + 1/60*x**5. Give y(0).
0
Let v(m) = 5*m**2 + 2 + 2*m - 3*m**2 + m**3 + m**2. Let r = -20 - -17. Give v(r).
-4
Let j(h) = -h**2 - 4*h + 2. Let x(y) = -1. Let o(g) = -j(g) - 6*x(g). Calculate o(-3).
1
Let s(j) = -j**3 + 4*j**2 - 2*j - 3. Let o(a) = 9 + 0 + 3*a + 1 - 4*a. Let v be o(7). Calculate s(v).
0
Let a(s) = -s**3 + s**2 + s + 1. Let r(z) = -4*z**3 + 11*z. Let v(m) = 5*a(m) - r(m). Let t be 3*(0 + 8/6). Let b be v(t). Let h(y) = -y + 1. Determine h(b).
4
Let k(c) be the third derivative of -c**6/180 + c**5/40 - c**4/12 - 2*c**3/3 - 3*c**2. Let p(j) be the first derivative of k(j). Calculate p(2).
-4
Let n be ((-2)/14)/(36/(-21)). Let b(d) be the second derivative of n*d**4 + 0 - 2/3*d**3 + d**2 - d. Determine b(5).
7
Suppose -2*b + 2*z + 3 = 5, -11 = -b - 5*z. Let s(n) be the second derivative of -3*n**5/5 + n**4/12 - n**3/6 + n**2/2 + 2*n - 5. Determine s(b).
-11
Let j(f) be the second derivative of -f**4/12 + 2*f**3/3 - 3*f**2/2 + 9*f. Let g be 0 + (-1 - -7) - 2. Determine j(g).
-3
Let d(c) = c + 2. Let y = 2 - 1. Let t be -1 + (-2)/1 + y. Let k be (t*1 + -1)*1. Give d(k).
-1
Let p(r) = r**3 + 6*r**2 + 4*r - 5. Let f be (-80)/(-30) - (-2)/6. Suppose f*i + 0*i + 15 = 0. Calculate p(i).
0
Let g(r) = r. Let x(f) = 5*f. Let i(q) = 6*g(q) - x(q). What is i(-1)?
-1
Let v(a) = a**3 - 5*a**2 - 5*a + 3. Suppose 0 = -3*x + 18 - 3. Suppose w - 2 = -5, -x*w = -2*k + 27. Determine v(k).
9
Let u = -8 - -5. Let f(v) = 10*v + 2. Let r(c) = -4*c. Let i(p) = f(p) + 2*r(p). Give i(u).
-4
Let b(z) = -z**2 - 18. Suppose -3 + 7 = w - k, -20 = 5*k. Give b(w).
-18
Let r(d) = -d + 11. Let m be r(7). Let a(k) = k + k**2 + 5*k + 3 + m. Calculate a(-5).
2
Let g(u) = -u**3 - 2*u**2 - 4*u - 3. Suppose 0 = -5*j + 3 - 18. Calculate g(j).
18
Let d(z) be the first derivative of z**2/2 + 11*z - 6. Calculate d(-5).
6
Let z(i) = 12*i + 1084*i**2 - 2 - 5*i - 1085*i**2. Give z(8).
-10
Let u be (-3)/9 + (-4)/6. Let w(q) = 8*q**2 - q - 1. What is w(u)?
8
Let g(n) = -n**3 - 5*n**2 - 6*n - 5. Let r(i) = 4*i. Let x be r(4). Suppose 0*u - x = 4*u. Give g(u).
3
Let l = -2 - -27. Suppose 0 = -0*t + 5*t + l. Let j(y) = 3 + 3*y + y**2 - 5 + y. Give j(t).
3
Let j(n) = -n**2 - 8*n - 6. Suppose u = -4*w - 34, -8*w - 36 = -3*w - 2*u. Give j(w).
-6
Let b(j) be the first derivative of j**5/60 - j**4/24 - j**2/2 + 2. Let p(z) be the second derivative of b(z). Suppose -3 - 3 = -2*l. Give p(l).
6
Let z(f) = -f**3 + f**2 + 1. Let a(b) = 6*b**3 - 8*b**2 - 3*b - 6. Let t(p) = a(p) + 5*z(p). What is t(4)?
3
Let c = 42 + -43. Let d(b) = -8*b**2 - b - 1. Calculate d(c).
-8
Let q(m) = -2*m - 26. Let t be q(-14). Let v(y) be the first derivative of y - 1/3*y**3 - 1 - t*y**2. What is v(-4)?
1
Let w(s) = -2*s**3 + 1. Suppose 0 = -11*x - 22 - 0. Determine w(x).
17
Let f = 17 - 22. Let b(h) = h**2 - 3*h - 10. Let g(n) = n**2 - 4*n - 11. Let s(i) = 7*b(i) - 6*g(i). Give s(f).
6
Let h(z) = -6*z**2 + 3*z + 7*z**2 - 2*z**2 - 1. Calculate h(2).
1
Let w = -12 - -12. Let y(c) = c + 3 + 1 + w. Determine y(-3).
1
Suppose 5*r + 5 = -3*a + 2, 4*r + 3 = -3*a. Let b(l) be the second derivative of l - 1/2*l**2 - 1/12*l**4 + r - 1/2*l**3. Calculate b(-4).
-5
Suppose -10 = -3*q - 2*f, -3*q + 8*q - 2*f - 38 = 0. Let o(v) = v**3 - 7*v**2 + 8*v - 2. Determine o(q).
10
Let t(y) be the third derivative of -y**8/6720 + y**7/2520 - y**6/720 + y**5/60 - y**4/8 - y**2. Let u(k) be the second derivative of t(k). Determine u(2).
-4
Let x(o) = -o**2 + o + 7. Let f be x(4). Let z(a) = -a**3 - 4*a**2 + 6*a + 3. Calculate z(f).
-2
Let b = 5 + 0. Let n(f) = f**3 - f**2 - f. Let g = 4 + 2. Let r(k) = 7*k**3 - 11*k**2 - 5*k - 3. Let x(m) = g*n(m) - r(m). Give x(b).
-2
Let l(s) be the first derivative of -s**4/2 - s**3 - s**2 - 35. What is l(-2)?
8
Let h(f) = -3*f**2 + 6*f**2 + 2*f**3 - f**3 + 3*f + 2. Calculate h(-2).
0
Let i(s) = 2*s + 2. Suppose 3*y - 9 = 0, 10*m = 5*m + 5*y. Determine i(m).
8
Let g be 2*(-2 + 1)*-1. Suppose 12 = 2*p + 2*q, -q - 4*q - 12 = -2*p. Let o(a) = 26 - p*a**2 + a**g - 31 + 4*a + a**3. Calculate o(4).
-5
Suppose -2*p - 9 = -o, 0 = 3*p - 8*p - 2*o - 9. Let r(g) = -3*g**2 + 4*g + 7. Let a(u) = 2*u**2 - 4*u - 6. Let q(h) = 4*a(h) + 3*r(h). Determine q(p).
0
Let q(i) = -2*i**2 + 3*i + 4. Let w(h) = -h**2 + 2*h + 2. Let d(y) = 3*q(y) - 7*w(y). Give d(4).
-6
Let v(f) be the second derivative of -f**4/12 + f**3/2 - 5*f**2/2 + 2*f. Let k(u) = -u**2 + 2*u - 5. Let t(n) = 6*k(n) - 5*v(n). Let y = -4 + 0. What is t(y)?
-9
Suppose -10 = 4*g - 126. Let h = -13 + g. Suppose -5*r = -r + h. Let z(k) = -k**2 - 6*k - 2. Determine z(r).
6
Let r(b) = 10 - 3*b**2 - b**3 + 3*b**2 - b - 17. Suppose 0 = l - 2 - 1. Suppose 0*v = -l*v. What